What is the units digit of d?
5
Suppose -165*h - 42 = -144*h. Suppose 4*k - 4*j + 14 = 78, -4*k + 3*j + 64 = 0. What is the units digit of k + 0 + 2 + h?
6
Let c(b) = 12*b + 2507. What is the hundreds digit of c(22)?
7
Let v = -1316 - -21223. What is the ten thousands digit of v?
1
Let y(k) be the third derivative of k**5/60 + k**4/6 + 16*k**3/3 - 38*k**2. Suppose g - 12 = -28. What is the tens digit of y(g)?
2
Suppose 224859 = 46*i - 819571. What is the units digit of i?
5
Let d(z) = 17*z**3 + 4*z - 2. Let s be (-424)/(-136) + (-8)/68. What is the units digit of d(s)?
9
Let y = 2720 + -1933. Suppose -5*r + 1303 = -y. Suppose 647 + r = 5*x. What is the hundreds digit of x?
2
Let i = 61253 - -4592. What is the ten thousands digit of i?
6
Let g(i) = -i**3 + i**2 - 23*i - 81. What is the tens digit of g(-18)?
8
Let g be (49316/8 - 0) + 18/(-36). Suppose -18456 = -28*u - g. What is the hundreds digit of u?
4
Let j = 485 - 252. Suppose -223*y - 8720 = -j*y. What is the units digit of y?
2
Suppose 2*v + 14 = 4*s, -4*s = -4*v - 4 - 4. Suppose 0 = -s*c + 11 - 16. What is the hundreds digit of (-3)/6 + c/(-2) - -134?
1
Suppose 2*o + 3*o = 3*q + 4492, 4*q - 2701 = -3*o. Suppose -h + 488 = 2*s - 110, 3*s + h = o. What is the hundreds digit of s?
3
What is the ten thousands digit of (-25)/((-1425)/(-962312))*(-9)/4?
3
Let i(a) = -3*a - 5. Let j be i(-2). Suppose 3*u - 2 = w, -3*u + 2*w = 3 - j. Suppose -4*d + 19 + 5 = u*o, -3*o = -4*d + 24. What is the units digit of d?
6
Suppose 155098 = -101*a + 103*a - 5*l, -3*a - 5*l + 232572 = 0. What is the ten thousands digit of a?
7
Let b(n) = n - 3. Let f be b(3). Suppose -o + 698 = -f*o - r, -r = o - 690. Suppose 0 = -5*t - p + 853, -4*t + 2*p + 3*p = -o. What is the tens digit of t?
7
Let x(k) = -3*k - 3. Let v be x(0). Let m be ((-267)/(-9) + -2)/((-1)/v). Suppose 2*i - 3*i = 4*f - 63, -5*f = -3*i - m. What is the tens digit of f?
1
Let z(t) = -t**3 + 5*t**2 + 9*t - 8. Let a be z(6). Let g be 14/(-35) + 3224/a. Suppose 48 = 5*r - g. What is the tens digit of r?
7
Let c(h) = -14*h - 141. Let l be c(-6). Let a = l + 800. What is the hundreds digit of a?
7
Suppose -245919 + 40501 - 861478 = -62*r. What is the thousands digit of r?
7
Suppose b - 6347 - 789 = -s, 14*s - 99859 = -5*b. What is the hundreds digit of s?
1
Let r = 276 + -272. Suppose -r*n + 195 = n. What is the tens digit of n?
3
Let w = -132 - -135. Suppose -a - 7*h = -6*h - 107, -h = -w*a + 313. What is the tens digit of a?
0
Suppose 7*q + 29515 - 306573 = s, -3*s + 79143 = 2*q. What is the tens digit of q?
7
Let o(v) = v**2 - 104*v + 1260. Let s be o(90). Let i be (7/(-2) + 0)*-78. Suppose 5*k + x - 124 - 329 = s, -3*k = x - i. What is the units digit of k?
0
Let f = -24699 - -41665. What is the thousands digit of f?
6
Let b(m) be the second derivative of 7*m**4/12 + m**3/3 + 4*m**2 - m. Let v be ((2/(-2))/1)/((-69)/276). What is the units digit of b(v)?
8
Let i(z) = -z**2 + 11*z + 63. Let k be i(15). Suppose -5*b = -k*s - 376, 3*b + 5*s = 6*b - 216. What is the tens digit of b?
7
What is the tens digit of (20/(-6) - -4)*(-4258329)/(-103)?
6
Let o(y) = y**3 - 8*y**2 + 16*y - 13. Let n be o(6). Let x(d) = 202*d - 262. What is the tens digit of x(n)?
6
Let n(a) = -a - 9. Let m be n(-14). Suppose -z + m = -5*y, y + 8 + 2 = 2*z. Suppose -2*l + 358 = -q, -5*l + y*q + 901 = -q. What is the units digit of l?
1
Let i = 19473 - 10932. What is the tens digit of i?
4
Suppose -3*c = 3, -c + 0 - 5 = -2*i. Suppose -i*s + 4148 - 1048 = 0. What is the hundreds digit of (-14)/63 - s/(-9)?
1
Let a = 20930 - 2789. What is the tens digit of a?
4
Suppose 0 = 9*l - 4262 - 454. Suppose -146 - l = -5*d. What is the units digit of d?
4
Suppose -a - 5*v = -7342, 4*a + v - 14325 = 14967. What is the units digit of a?
2
Suppose 0 = 2*p - 2422 - 2084. What is the hundreds digit of p?
2
Let o(w) = -6*w - 35. Let u(g) = -g + 5. Let y be u(7). Let r be (0 - 2)/(y/(-22)). What is the units digit of o(r)?
7
What is the units digit of (-189)/(-4)*30*96*13/182?
0
Suppose 49*s - 50488 - 17643 = -18690. What is the hundreds digit of s?
0
Let i be 106/34 - 28/238. What is the units digit of (48/6)/((-3279)/1095 + i)?
0
Suppose -20 = o - 23. Suppose -5*j + 2*c = -617, o*j - 355 = c + 4*c. What is the units digit of j?
5
Suppose -3*t = -0*t + 6. Let d be t/17 - 17124/102. Let q = d + 260. What is the units digit of q?
2
Let i = 187 + -115. Let o be (-6)/i*-8 - (-943)/3. Let v = o - 161. What is the tens digit of v?
5
Let r = -141 + 17. Let q = r - -275. What is the hundreds digit of q?
1
Let o(t) = 33*t**2 - 6. Let b be o(2). Suppose -3*g + z - 52 = -0*z, 0 = -3*g - 3*z - 48. Let u = g + b. What is the hundreds digit of u?
1
Suppose -k + 14 = -0*k. Suppose -5*v = 10, k = -t - 13*v + 9*v. What is the units digit of (-3 - -8)/((t/100)/(-3))?
0
Let m be (-6)/(-27) + (598/(-18) - -2). Let z = m + 156. What is the units digit of z?
5
Let g = 730 - -1593. Let h be (-2)/(-1)*g/46. Let s = 281 - h. What is the units digit of s?
0
Suppose -22*a = -31 - 79. Suppose 0 = a*z + v - 4330, 2*v = -0*z + z - 855. What is the tens digit of z?
6
Let o = 7 + -3. Let y(u) = -u**2 + 28. Let s be y(-5). Suppose -o*f = s*f - 1386. What is the hundreds digit of f?
1
Let u = -70 + 453. Suppose 3767 - u = 4*i. What is the hundreds digit of i?
8
Let s(a) = 77*a - 158. Let y(q) = -q**2 + 27*q + 217. Let o be y(33). What is the tens digit of s(o)?
0
Let t(a) = -a**3 - 5*a**2 + 12*a - 10. Let p be (-6 - (-2 - -3))*(-1)/(-1). Let w be t(p). What is the units digit of (-5)/(w/64*-2) + -2?
8
Suppose -2*g - 43 = 63. Let q(i) = i**3 + 4*i**2 + 5*i - 9. Let t be q(4). Let j = g + t. What is the units digit of j?
6
Let y = -253 + 841. Suppose -2*n = -5*k - 231 + 979, -4*k - n + y = 0. What is the tens digit of k?
4
Let x(r) be the second derivative of 3*r**3/2 + 2*r**2 + 3*r. Let i be x(19). Suppose 29 = 4*q - i. What is the units digit of q?
1
What is the thousands digit of 691245/(-300)*(-16)/3*10/4?
0
Let v(f) = 2614*f + 70. What is the tens digit of v(2)?
9
Let u = -37 + 13. What is the hundreds digit of -1 + 679 + u/8?
6
Let f(w) = -28*w + 22. Let h be f(1). What is the hundreds digit of 215 - h/(6 - 12)?
2
Let k(h) = 15*h + 153. Let i be k(-10). Suppose 2*l - 160 = -q, -i*l = -q - l + 148. What is the units digit of q?
4
Let q be (23/1)/(3/27). Let j be q/(-18) + (-1)/2. What is the tens digit of ((-3)/j)/(7/1876)?
6
Suppose 3*z = 5*x - 62290, -2*z + 16596 - 4125 = x. What is the tens digit of x?
6
Suppose -25*o + 50 = -20*o. Let t(v) = -v**3 + 13*v**2 - 12*v - 24. What is the units digit of t(o)?
6
Let u = 100 + -97. Suppose 0 = 7*h - 6*h + u. What is the units digit of ((-513)/12 - -3)/(h/16)?
2
Let y(o) = -6*o**2 + 293*o - 103. What is the hundreds digit of y(34)?
9
Let i(r) = -276*r + 140*r + 135*r + 6. Let g be i(-8). What is the hundreds digit of 3*3/(-63) - (-3054)/g?
2
Suppose 10*a - 5*a - 15 = 0. Suppose -5*w + a*w = -3*k + 5, w = k. Let x(h) = 21*h - 7. What is the tens digit of x(k)?
9
Let h(i) = 9*i + 11. Let p(d) = d**3 + 21*d**2 + d + 23. Let g be p(-21). Suppose -3*m + 2*v = -17 - 6, -2*m + g*v = -14. What is the units digit of h(m)?
2
Let w(n) = 4*n**2 - 191*n + 4903. What is the tens digit of w(22)?
3
Let c = -440 - -449. What is the hundreds digit of 0 + 6105/c - (-17)/(-51)?
6
Suppose 0 = -5*t, 28 - 3 = -5*v + 5*t. Let y(i) = -107*i + 129. What is the hundreds digit of y(v)?
6
Suppose 4*s - 2*s = -3*a + 41, -5*a + 38 = s. Let f(i) = i - 10. Let w be f(s). What is the tens digit of -90*(6/(-2))/w?
9
What is the thousands digit of -9 + (7615 - (-24)/2)?
7
Let h(t) = 7 - 6*t**2 - 5 - 1 + 8*t**2 + 9*t. Let g = -4 + -4. What is the tens digit of h(g)?
5
What is the tens digit of 3 + 230636/56*(4 - -8)?
2
What is the thousands digit of (-200)/150 + -1*50168/(-6)?
8
Let b(y) be the third derivative of y**5/30 + y**4/6 + y**3 - 10*y**2 - 2. Let g(p) = p + 12. Let q be g(-14). What is the units digit of b(q)?
6
Suppose -5 = 5*a, 4*t + 73 = -5*a - 72. Let l = t + 303. What is the tens digit of l?
6
Let j(y) = y**3 - 3*y**2 - 9*y - 2. Let p be j(5). Suppose 182 + 634 = p*l. Suppose l = 2*c - 74. What is the units digit of c?
3
Suppose 2*l - 25*v = -26*v + 19795, 0 = -3*v - 3. What is the hundreds digit of l?
